 factor of 10241013 and 9?
3
What is the greatest common divisor of 1191463416 and 468?
468
Calculate the greatest common divisor of 538184 and 9784.
8
Calculate the greatest common divisor of 35562630 and 3330.
30
Calculate the highest common divisor of 168 and 176905323.
21
Calculate the greatest common divisor of 18834266 and 22.
22
Calculate the highest common factor of 1089094 and 2054.
158
What is the greatest common divisor of 76035740 and 296?
148
Calculate the highest common factor of 16145295 and 60.
15
What is the highest common factor of 241825314 and 1992?
498
What is the highest common factor of 950 and 839249?
19
What is the greatest common factor of 21384 and 233904?
264
Calculate the highest common divisor of 73810 and 26735.
5
What is the greatest common factor of 5974 and 3404871?
103
Calculate the greatest common factor of 2212 and 282709084.
2212
Calculate the greatest common factor of 97000 and 441544.
776
What is the greatest common divisor of 21309417 and 402?
201
Calculate the highest common divisor of 5456249 and 57.
19
What is the highest common factor of 393036 and 13146?
42
Calculate the greatest common divisor of 19765 and 10863715.
335
What is the greatest common factor of 3450 and 2186725?
575
Calculate the greatest common factor of 2000 and 134453500.
500
What is the highest common divisor of 3950 and 44419251?
79
Calculate the highest common factor of 580 and 66744747.
29
What is the greatest common factor of 841823 and 10166?
391
Calculate the highest common divisor of 320 and 228858100.
20
What is the greatest common factor of 1204 and 4119787?
301
Calculate the greatest common factor of 1069455178 and 814.
814
What is the highest common factor of 126 and 254292003?
63
What is the greatest common divisor of 5636 and 11284681?
1409
What is the greatest common factor of 39891 and 852?
3
Calculate the highest common divisor of 64 and 402239056.
16
Calculate the greatest common divisor of 2038799 and 154.
7
What is the greatest common factor of 472417 and 148874?
737
What is the greatest common factor of 9247251 and 254?
127
What is the greatest common divisor of 1095 and 10765?
5
Calculate the highest common divisor of 469740313 and 2114.
1057
Calculate the highest common divisor of 52745738 and 8.
2
What is the highest common factor of 256392040 and 115?
115
Calculate the highest common factor of 170466 and 1218.
6
What is the greatest common factor of 21 and 2642556?
21
Calculate the highest common factor of 1633373 and 1463.
133
What is the greatest common factor of 10655 and 35315?
5
Calculate the highest common factor of 19107 and 1724481.
99
Calculate the greatest common factor of 55961734 and 13285.
2657
Calculate the greatest common factor of 2520435105 and 90.
45
Calculate the highest common factor of 18 and 34049607.
3
Calculate the highest common divisor of 1180 and 1119169820.
1180
Calculate the highest common divisor of 1379140 and 2520.
140
Calculate the highest common divisor of 711 and 25784099.
79
Calculate the highest common factor of 31453 and 29607.
71
Calculate the greatest common factor of 20234680 and 500.
20
What is the highest common factor of 5603215 and 24985?
1315
What is the greatest common divisor of 56 and 6228572?
28
What is the highest common divisor of 304400722 and 184?
46
What is the highest common factor of 448 and 706328?
56
What is the highest common divisor of 28323 and 1939601?
1049
What is the greatest common divisor of 33 and 1083806053?
11
What is the greatest common factor of 3547419 and 4344?
543
What is the greatest common factor of 883878716 and 284?
284
Calculate the greatest common factor of 2193 and 82744083.
2193
Calculate the greatest common divisor of 3661 and 10962.
7
Calculate the greatest common divisor of 395603445 and 1110.
555
What is the highest common factor of 5880 and 836560?
40
Calculate the highest common divisor of 558371168 and 22670.
4534
What is the highest common factor of 78967330 and 130?
130
Calculate the highest common divisor of 5850480 and 4655.
95
What is the greatest common divisor of 325 and 5447?
13
What is the greatest common divisor of 58293 and 4008804?
51
What is the greatest common factor of 2240 and 13724760?
280
What is the highest common factor of 79166385 and 12275?
2455
Calculate the highest common factor of 2733490403 and 10451.
10451
What is the highest common factor of 392140 and 350?
70
What is the highest common factor of 2690 and 13447310?
2690
Calculate the highest common divisor of 2988774 and 306.
18
Calculate the highest common factor of 211787871 and 804.
201
Calculate the greatest common factor of 767916 and 1062.
18
What is the greatest common factor of 13959 and 76019445?
1269
What is the highest common factor of 145197627 and 23572?
5893
Calculate the greatest common divisor of 18998537 and 7467.
2489
Calculate the highest common divisor of 35598995 and 740.
185
Calculate the greatest common factor of 292862 and 168.
2
Calculate the greatest common factor of 9153 and 5750757.
81
What is the highest common divisor of 33448985 and 15?
5
What is the highest common factor of 458393 and 13?
13
What is the greatest common divisor of 1316 and 8110132?
188
Calculate the highest common factor of 259725 and 1055.
5
Calculate the highest common factor of 43349061 and 189.
21
Calculate the highest common divisor of 5070 and 4446600.
30
What is the greatest common factor of 530522426 and 28?
14
Calculate the highest common divisor of 6528 and 2228802.
102
What is the greatest common factor of 20 and 5095035?
5
Calculate the highest common factor of 2203736 and 2303.
47
What is the greatest common factor of 86 and 37462589?
43
What is the highest common divisor of 879620063 and 7?
7
Calculate the highest common divisor of 490194 and 2194008.
678
Calculate the greatest common factor of 123074 and 26671.
149
What is the highest common factor of 4524 and 3773484?
156
What is the highest common divisor of 136 and 4033607?
17
Calculate the highest common factor of 5484 and 47568.
12
What is the highest common factor of 75945744 and 3444?
84
Calculate the highest common divisor of 108 and 3300572.
4
Calculate the highest common divisor of 25744341 and 273.
21
Calculate the greatest common factor of 24 and 381096.
24
What is the highest common factor of 40973396 and 1472?
92
What is the highest common divisor of 2049432 and 396?
132
What is the highest common factor of 6296460 and 2550?
510
Calculate the highest common divisor of 13805 and 10218461.
2761
What is the greatest common factor of 1844348 and 286?
22
What is the highest common factor of 16318424 and 2837?
2837
Calculate the highest common divisor of 3778480 and 876.
292
Calculate the greatest common divisor of 20060 and 8310032.
236
Calculate the highest common factor of 2904 and 1837363.
11
Calculate the highest common divisor of 1440234 and 5139.
9
Calculate the greatest common divisor of 740064 and 969555.
1779
What is the highest common divisor of 1542937616 and 176?
176
What is the greatest common factor of 40 and 100132260?
20
Calculate the highest common divisor of 904800 and 2914600.
2600
Calculate the highest common factor of 3 and 28053381.
3
Calculate the greatest common divisor of 81932 and 92.
4
What is the highest common factor of 163164 and 492?
12
Calculate the highest common divisor of 1350144 and 1197198.
5274
What is the greatest common divisor of 106046660 and 930?
310
Calculate the highest common factor of 131212273 and 17.
17
What is the highest common divisor of 3436 and 151656?
4
What is the greatest common divisor of 1148320 and 1320?
40
What is the greatest common divisor of 23940 and 414489180?
7980
What is the highest common factor of 160 and 7025056?
32
What is the greatest common factor of 2240 and 21336384?
64
What is the highest common divisor of 1316 and 4522763?
329
What is the highest common divisor of 33185868 and 573?
573
What is the greatest common divisor of 152 and 54507010?
38
Calculate the highest common factor of 27084810 and 255.
15
What is the highest common factor of 356 and 22721522?
178
What is the highest common factor of 1028584 and 35225164?
7676
What is the highest common divisor of 26764 and 8632?
4
What is th